at is -2 + -84 - (-74 + 208 - 119)?
-101
Evaluate 5 - ((-51 - 2) + 12 + (11 - 19)) - 9.
45
What is the value of (22 + -2 - 8) + (-39 - -7) + 8?
-12
53 - (10 + 2 + -15) - 11
45
What is the value of 108 - (62 + (-16 - (-24 + 34)))?
72
What is 1 + -10 + (-1193 - -1157 - (-25 - 1))?
-19
What is 73 + (-43 - 37) + -122 + 2 + -2?
-129
What is 54 + -50 + 13 + (-16 - -11)?
12
Evaluate -13 + (6 - 12) + -13 + (-33 - -21).
-44
What is (21 - (-51 - -55)) + 33?
50
What is the value of (-3 - 0 - -123) + -147?
-27
Calculate -9 - (-2 + 39 + 56 + -58) - 0.
-44
Calculate 21 - ((14 - (17 + 7)) + -7).
38
Evaluate -8 - (-6 - (1 + -11) - 4) - (0 - -8).
-16
Evaluate (17 - -3) + 33 + 2 + -27 - 9.
19
Calculate -5 - ((-8 - -22) + 0).
-19
What is the value of (-3 + -12 - -25 - (0 + 14)) + 56?
52
Evaluate 2352 - 2306 - (-4 + 55).
-5
What is the value of (1 - 49) + (1520 - 1476)?
-4
What is the value of (5 - 66) + (3 - -51) + -50?
-57
Evaluate -22 + -56 + 63 + -95.
-110
What is the value of (-1 + 9 - (35 - 23)) + 29 + -2 - 6?
17
Calculate 78 - (18 - (-36 - -4 - -52)).
80
What is the value of 0 + -39 - (1 + 175 + -104)?
-111
Evaluate -58 + (1 - 6 - (-1106 - -1085) - (14 - 0)).
-56
(15 + (28 - 54) - 33) + 24
-20
What is -1 + 0 + (-35 - (24 + -58)) + 98?
96
Calculate -24 + 1 + -5 + (-49 + 6 - -45).
-26
What is -15 - (18 - (41 + (-13 - -13))) - 10?
-2
What is the value of (-1 - (-1 - 2)) + (31 - ((-36 - 18) + -12))?
99
-75 - (-30 - 24) - (-5 + 81)
-97
What is the value of 1 - 29 - (-188 + 93 + 90)?
-23
Evaluate -6 + (3 + 6 - 7) - (7 - -53 - -9).
-73
What is -275 - -299 - (114 - (1 + 9 + -4))?
-84
Evaluate (-4 - 65) + (2 - 2 - 4) - (-185 - -182).
-70
Calculate (96 - (-35 + 33) - 7) + 1 + -9.
83
What is the value of 25 + 5 + -4 + (-32 - -25) + -7?
12
Calculate 56 - (15 - 2) - (-242 - -177).
108
What is the value of (-195 - (74 + -159)) + 13?
-97
Calculate (24 - 23) + (6 - 1) + (-73 - (-17 + 14)).
-64
What is -1 - (67 + -9 - (-64 - -68))?
-55
What is the value of -59 - -94 - -73 - 101?
7
Calculate -7 + (-18 - -12) + 56.
43
Evaluate (-5313 - -5396) + 0 + -64.
19
What is the value of -1 - (8 - (18 + -4)) - (17 + (-15 - -8))?
-5
Evaluate (-2 - -39) + 16 + 24 + -27 + 3.
53
What is the value of 40 + -1 - (55 + -36 + -17) - 9?
28
What is -13 + (-31 - -59) + -29 + 12?
-2
Calculate 25 + (6 - 49) + -18.
-36
-57 + (-74 - -213 - 47)
35
What is the value of -106 + 22 - -93 - (-1 + 20)?
-10
Evaluate (36 - -22 - (7 + -3)) + 8 - 13.
49
Evaluate 13 + -12 + (-3 + 31 + 5 - 13).
21
(-338 + 196 - -191) + 10 + 0 + 1
60
What is the value of -257 - -253 - (-1 - 52 - (3 + -10 + 5))?
47
Evaluate -38 - (-80 - -62) - 46.
-66
Calculate 72 - (226 - -12 - 69).
-97
Evaluate -13 + 5 + 97 + (-13 + 2 - (-1 + 0)).
79
What is the value of 284 + -322 - (-28 - -1)?
-11
What is the value of -15 + (0 - 4) + -8 + 22 - (1 + 27)?
-33
Calculate 12 + -98 + (29 - -25).
-32
Evaluate -44 + 18 + -49 + 10 - -13.
-52
Calculate -5 + -99 + 42 + 9.
-53
(4 - 10) + 18 - (-8 + 24)
-4
-11 - (2 + (284 + -272 - (4 + 1)))
-20
What is the value of 0 + 83 - (49 - (-10 + 49))?
73
What is the value of (-7 - -4) + (94 - 82) - (-1 + (-1 - -67))?
-56
Calculate -45 + (142 - 77) + (10 - -1).
31
What is the value of 33 - ((-273 - -193) + -2 + 40)?
75
(-97 - -54 - -36) + -11 - (-160 - -2)
140
What is the value of 43 - ((71 + 9 - 45) + -19 + 0)?
27
What is the value of (9 - 1) + (-2 - (-1 - 6)) + 7?
20
Evaluate (9 + -4 - 11) + 7 - (-50 - (2 - -3)).
56
(56 - (-25 + 39)) + -8
34
Evaluate 535 + -558 - (-24 + -2) - 17.
-14
What is the value of 100 + 4 + -96 - -58?
66
What is the value of (-8 - 64) + -178 + 214?
-36
Calculate 50 + 1 + -8 - -15.
58
-9 + (-1 + 29 - 15 - 13) + -1 + -18
-28
Evaluate (-601 - -633) + -1 + -25.
6
Evaluate 14 - -2 - (-34 + 4 - (-47 - -56)).
55
What is (-36 + 29 - -23) + -59 + 3?
-40
Evaluate (490 - 539) + (13 + 2 - 0).
-34
Evaluate -3 + -25 + (3 - (20 - 22) - (11 + 2)).
-36
What is (-2 - -2) + (53 - (27 + -9 + -22)) + 5?
62
What is the value of (-11 - 9) + 3 + 9 + (6 - -51)?
49
What is the value of 39 - ((23 - -17) + -44 - (-2 - 20))?
21
Evaluate (-28 + -29 - -48) + -21.
-30
Calculate 37 + (21 - 54 - 2) - 79.
-77
(2 - 56) + (56 - 27 - 69)
-94
What is the value of (21 - 7) + 7 + (8 + -4 - -2)?
27
What is the value of -50 - -59 - -12 - -21?
42
Evaluate 455 + -492 - (-62 + -2).
27
Calculate (26 + 4 - 29 - (11 + 8)) + -5.
-23
(77 - (137 - 80)) + (-60 - 2)
-42
Calculate (-3 - -10 - 2 - (9 - 104)) + (189 - 177).
112
What is the value of 3 - (1 + -2 + -31 + -373 + 366)?
42
What is the value of 16 + (28 - 8) + -13 + -58?
-35
What is the value of (-6 - -8 - 2) + -32?
-32
(-732 - -674) + (13 - (-1 + 5))
-49
What is 7 - (-46 - ((12 - 1) + -18 + 3))?
49
Evaluate -5420 + 5423 + (0 - (0 - -21)).
-18
What is the value of -15 + 23 + -7 + 40 + -11?
30
Calculate -54 + (-14 + 19 - -7 - (-3 - -3)).
-42
What is the value of -2163 + 2281 + (-209 - -5)?
-86
What is 3 + 4 + (57 - 69 - (5 + -37))?
27
Calculate 41 - (7 - ((-17 - -5) + -9)).
13
What is the value of (-15 - (-128 + 17 + -12)) + 63 + -60?
111
Calculate -299 + (99 + -26 - -74).
-152
What is -37 + (2 - (-1 + -6 - (41 + -28 - 27)))?
-42
-65 - -3 - (-3304 + 3182)
60
Evaluate 16 + 21 + -17 + -22 - -70.
68
Calculate -67 - -109 - -71 - 69.
44
Evaluate (1 - 6 - (-59 + -9)) + -39 + 21.
45
What is (-63 - -72 - 78) + 96?
27
What is (1 - (14 - 15 - -6)) + 50?
46
What is the value of -7 + 28 + -14 - (6 + -12)?
13
Calculate -63 + (64 - -29 - 101).
-71
Calculate 108 + 0 + -32 + 10 - (-11 - -3 - -11).
83
-114 - (-49 - -40) - (-20 - (5 + -3))
-83
What is (7 - -2) + -18 + 14 + 35?
40
What is the value of -37 - (-16 + (-4 - -9) - (8 + 9 + -33))?
-42
What is -3 - 10 - (1 + -1) - (-63 - (-171 - -55))?
-66
What is the value of -24 + (93 - 50 - 47)?
-28
What is 56 - ((8 - -2) + -109 + 117)?
38
What is the value of -7 - ((-66 - -12) + -1 + 0) - 7?
41
Calculate 39 + -151 + 74 + -17 + 1.
-54
What is 17842 - 17816 - (26 + 2 + -2)?
0
13 - (44 + -17) - (-20 - (-5 + -1))
0
What is the value of -11 - 15 - ((97 - 101) + (-6 - 0))?
-16
What is 77 - 87 - ((20 - 10) + 11 + -15)?
-16
What is the value of -41 - (75 + (3 - 157))?
38
Evaluate -12 + 3 + (-2 - -19 - 14) - (13 + -1).
-18
Calculate (1 - (-4 + 6)) + -643 + 653.
9
What is the value of -15 + (-26 - -78) + 13 - -13?
63
What is -38 + 61 + (-7 - 68)?
-52
98 + ((11 - -9) + 7 - 50)
75
What is 16 - (-11 - 1) - 68?
-40
84 + (25 - (39 - (7 - -15)) - 16)
76
-10 + (73 + -48 - -5)
20
What is the value of (17 + (31 - 36) - -19) + 12?
43
Calculate -5 + -13 - ((-1 - 2) + -389 + 408).
-34
(0 - 11 - (-15 + 5 + -12)) + -29
-18
Calculate -11 - (-4 - -9 - 17) - 12 - -44.
33
1 + -1 - 58 - (-123 - -89 - (8 + -35))
-51
What is the value of (-4 - -21) + (-10 - (34 + 24))?
-51
Calculate 6 - ((-16 - -15) + -3 + -12 + 12).
10
Calculate -3 - 1 - 37 - (28 + -60 - -24).
-33
Calculate 1 + 73 - (27 - 150 - -116).
81
Evaluate -14 + (-45 - -25 - -25).
-9
(73 - (93 - 113)) + 0
93
-214 + 202 + (-8 - -7 - -22)
9
Evaluate (-107 - 85) + 87 + 126.
21
Evaluate -32 + -9 + 5 + (-2 - -3) + (85 - 85).
-35
Calculate 14 + 1 - (-49 + (92 - 64)).
36
Calculate 63 + (12 - -7) + (-6 - -14).
90
(-63 - (-90 - 21)) + -23
25
Evaluate -48 - (36 - 33 - (0 + -4)).
-55
What is the value of -39 + (4 - 1 - (-11 + (2 - -4 - -7)))?
-38
Calculate 50 - (15 + -10 - (0 - (-1 - -7))).
39
What is -2 - -33 - (1064 - 1083)?
50
(-21 - (21 + (-104 - 0))) + -25
37
Calculate (10 - 8) + -49 - (76 - 70).
-53
-5 + 8 - -4 - (50 - (-10 + 7 + 4))
-42
Calculate 55 - ((-64 - -17) + 119).
-17
Evaluate -5 - (-53 + -1 - (7 + (24 - (17 + 13)))).
50
Evaluate 105 + -118 + -14 + 2 + -3 + 4.
-24
1 - (10 + 1 + 10 + (9 - 98) + 0)
69
Calculate 20 + 7 + (3 - (70 - 20)).
-20
Evaluate -34 + 55 - -101 - 47.
75
What is 28 + -4 - (-9 - (46 + (-30 - 191)))?
-142
What is (27 - 61) + 2 + 55 - (-102 - 4)?
129
-76 + (0 - -1) + (66 - 43)
-52
What is the value of 338 + -342 + (-4 - -1 - 71)?
-78
What is 4 + -8 + -8 + 8 + 6 - -4?
6
Evaluate (-611 - -601) + (0 - -8) - (-74 + -16).
88
What is the value of -165 + 1 + (315 - 233)?
-82
What is the value of (34 - 0) + (1577 - 1564)?
47
Evaluate (-88 + 0 - -1) + 32 + -77 + 43.
-89
What is the value of -5 - (-2 + 1 + 14 + -22 + 9)?
-5
What is the value of (3 - 2) + -15 + -53 + 133 + -68?
-2
What is the value of -13 - (-124 + 21 + 